is -104 (base 5) in base 4?
-131
Convert 84 (base 11) to base 16.
5c
3d (base 15) to base 13
46
-8 (base 10) to base 13
-8
Convert 7 (base 10) to base 13.
7
What is -4 (base 6) in base 2?
-100
Convert -1 (base 3) to base 15.
-1
1 (base 9) to base 14
1
-32 (base 4) to base 9
-15
Convert -1 (base 12) to base 6.
-1
What is 11 (base 7) in base 10?
8
What is -27 (base 12) in base 6?
-51
1 (base 6) to base 5
1
Convert -121 (base 5) to base 2.
-100100
Convert -3 (base 10) to base 4.
-3
What is -1 (base 6) in base 15?
-1
What is 0 (base 6) in base 16?
0
21 (base 11) to base 2
10111
230 (base 7) to base 9
142
What is 6a (base 11) in base 10?
76
123 (base 6) to base 13
3c
What is -104 (base 5) in base 4?
-131
-5 (base 9) to base 4
-11
3 (base 15) to base 2
11
Convert 0 (base 6) to base 5.
0
What is -2d (base 16) in base 15?
-30
Convert 41 (base 8) to base 15.
23
What is 2 (base 6) in base 13?
2
-231 (base 7) to base 3
-11110
13 (base 11) to base 5
24
101111 (base 3) to base 15
13d
Convert 1 (base 13) to base 15.
1
What is 43 (base 5) in base 10?
23
Convert 6 (base 13) to base 5.
11
211 (base 5) to base 7
110
What is -5 (base 6) in base 13?
-5
Convert -5 (base 6) to base 12.
-5
Convert -13 (base 8) to base 16.
-b
What is 211 (base 5) in base 7?
110
What is 2 (base 10) in base 9?
2
Convert -43 (base 7) to base 16.
-1f
What is -2 (base 15) in base 2?
-10
What is 33 (base 13) in base 11?
39
What is -22 (base 8) in base 6?
-30
Convert 1110 (base 2) to base 9.
15
Convert 0 (base 8) to base 15.
0
Convert -3 (base 8) to base 9.
-3
-22 (base 13) to base 7
-40
-2 (base 16) to base 7
-2
11 (base 16) to base 15
12
-10020 (base 3) to base 12
-73
33 (base 15) to base 13
39
Convert 148 (base 14) to base 13.
170
Convert -1212 (base 3) to base 14.
-38
Convert 7 (base 13) to base 7.
10
-1 (base 12) to base 14
-1
What is -3 (base 7) in base 8?
-3
Convert -3 (base 13) to base 8.
-3
What is 46 (base 8) in base 13?
2c
Convert 0 (base 15) to base 14.
0
Convert -410 (base 5) to base 2.
-1101001
143 (base 9) to base 8
170
Convert 333 (base 5) to base 11.
85
What is 252 (base 6) in base 4?
1220
-5 (base 6) to base 7
-5
-1 (base 13) to base 4
-1
What is -2 (base 12) in base 7?
-2
-13 (base 5) to base 7
-11
What is 10 (base 2) in base 9?
2
Convert 3 (base 12) to base 13.
3
Convert 0 (base 16) to base 4.
0
What is -b (base 16) in base 3?
-102
Convert -60 (base 10) to base 9.
-66
Convert -110 (base 2) to base 14.
-6
Convert 100 (base 3) to base 8.
11
What is -209 (base 13) in base 5?
-2342
What is -1101101 (base 2) in base 12?
-91
What is 5 (base 16) in base 8?
5
What is -13 (base 16) in base 14?
-15
Convert 2 (base 7) to base 13.
2
23 (base 6) to base 10
15
Convert -10000000 (base 2) to base 16.
-80
1 (base 16) to base 5
1
-6 (base 14) to base 2
-110
What is 1232 (base 4) in base 11?
a0
-2 (base 16) to base 10
-2
Convert 2410 (base 5) to base 7.
1015
Convert 2 (base 15) to base 4.
2
Convert -425 (base 8) to base 2.
-100010101
Convert 16 (base 11) to base 14.
13
What is -5 (base 13) in base 14?
-5
Convert -405 (base 6) to base 15.
-9e
Convert 3 (base 4) to base 11.
3
Convert 32 (base 8) to base 9.
28
Convert -1 (base 6) to base 8.
-1
What is 27 (base 8) in base 5?
43
Convert 11b (base 12) to base 15.
b2
70 (base 8) to base 14
40
What is 3 (base 11) in base 5?
3
What is -100111 (base 2) in base 14?
-2b
304 (base 6) to base 14
80
-23 (base 4) to base 15
-b
Convert 13 (base 9) to base 5.
22
What is 88 (base 9) in base 6?
212
What is 331 (base 4) in base 3?
2021
21 (base 4) to base 6
13
3 (base 9) to base 10
3
3 (base 12) to base 7
3
2 (base 14) to base 9
2
What is 1 (base 16) in base 2?
1
2 (base 9) to base 14
2
-1013 (base 5) to base 13
-a3
15 (base 7) to base 9
13
What is -101 (base 3) in base 2?
-1010
What is 15 (base 6) in base 14?
b
What is 1 (base 7) in base 6?
1
What is 25 (base 11) in base 4?
123
What is -1a (base 14) in base 7?
-33
What is -11 (base 6) in base 4?
-13
-1100 (base 2) to base 13
-c
What is 13 (base 13) in base 2?
10000
Convert 1 (base 12) to base 3.
1
What is 2 (base 11) in base 2?
10
Convert -14 (base 8) to base 9.
-13
-82 (base 10) to base 14
-5c
What is -d (base 14) in base 11?
-12
What is -1 (base 6) in base 4?
-1
Convert -213 (base 6) to base 7.
-144
1 (base 11) to base 10
1
What is 0 (base 8) in base 11?
0
Convert 1 (base 12) to base 10.
1
Convert 14 (base 5) to base 8.
11
What is -2 (base 3) in base 6?
-2
1 (base 12) to base 15
1
-36 (base 14) to base 3
-1210
What is -12 (base 5) in base 3?
-21
25 (base 10) to base 13
1c
Convert -130 (base 6) to base 9.
-60
What is 2 (base 15) in base 14?
2
Convert -20 (base 5) to base 11.
-a
What is 244 (base 10) in base 15?
114
Convert -1012 (base 4) to base 14.
-50
-5 (base 12) to base 10
-5
Convert 2 (base 5) to base 2.
10
20 (base 7) to base 5
24
What is 154 (base 6) in base 11?
64
23 (base 6) to base 3
120
-20 (base 3) to base 15
-6
What is 2 (base 5) in base 11?
2
What is 1c (base 15) in base 2?
11011
Convert -111111 (base 2) to base 15.
-43
Convert 42 (base 6) to base 7.
35
-20 (base 5) to base 16
-a
-b2 (base 13) to base 10
-145
5d (base 14) to base 9
102
What is 151 (base 6) in base 7?
124
-101 (base 2) to base 15
-5
What is 3 (base 6) in base 10?
3
Convert -34 (base 6) to base 5.
-42
What is 5 (base 14) in base 3?
12
-27 (base 9) to base 7
-34
-13 (base 6) to base 12
-9
What is 77 (base 13) in base 12?
82
-101 (base 2) to base 7
-5
2220 (base 4) to base 11
143
What is -3 (base 5) in base 3?
-10
Convert -4c (base 15) to base 13.
-57
What is 1210 (base 4) in base 12?
84
4 (base 9) to base 13
4
What is -25 (base 6) in base 8?
-21
What is -12 (base 7) in base 10?
-9
Convert -10 (base 3) to base 9.
-3
What is 11 (base 15) in base 8?
20
Convert 0 (base 12) to base 2.
0
Convert -4 (base 12) to base 10.
-4
-1 (base 5) to base 9
-1
25 (base 8) to base 7
30
What is 21 (base 12) in base 10?
25
Convert 3 (base 5) to base 4.
3
75 (base 9) to base 10
68
What is 21 (base 6) in base 15?
d
-5 (base 10) to base 3
-12
-102 (base 4) to base 15
-13
What is -4 (base 16) in base 5?
-4
What is 131 (base 7) in base 3?
2122
Convert -20 (base 10) to base 7.
-26
Convert -17 (base 8) to base 10.
-15
-5 (base 14) to base 11
-5
What is -3 (base 10) in base 7?
-3
4 (base 13) to base 6
4
Convert -2 (base 10) to base 15.
-2
-3 (base 16) to base 9
-3
Convert -6 (base 10) to base 2.
-110
-7 (base 14) to base 7
-10
-2 (base 14) to base 16
-2
Convert 13 (base 12) to base 11.
14
What is -4 (base 8) in base 15?
-4
What is -10010100 (base 2) in base 12?
-104
What is 312 (base 7) in base 16?
9c
What is 0 (base 4) in base 2?
0
Convert -3 (base 5) to base 2.
-11
What is -1001011 (base 2) in base 16?
-4b
Convert -31 (base 12) to base 3.
-1101
Convert -1 (base 8) to base 14.
-1
-10 (base 2) to base 8
-2
Convert e (base 15) to base 12.
12
Convert 222 (base 6) to base 9.
105
Convert 5 (base 9) to base 12.
5
What is -323 (base 8) in base 11?
-182
-21 (base 3) to base 5
-12
-11 (base 2) to base 5
-3
-5 (base 13) to base 10
-5
What is -9 (base 11) in base 14?
-9
-4 (base 10) to base 3
-11
What is -86 (base 9) in base 5?
-303
33 (base 6) to base 9
23
What is -21 (base 5) in base 8?
-13
What is -2 (base 3) in base 10?
-2
Convert -8 (base 10) to base 2.
-1000
What is 1 (base 16) in base 2?
1
What is 13 (base 5) in base 3?
22
What is -34 (base 13) in base 14?
-31
3 (base 10) to base 7
3
What is 132 (base 8) in base 13?
6c
Convert 21 (base 14) to base 2.
11101
Convert a (base 15) to base 2.
1010
-9 (base 12) to base 8
-11
What is 3 (base 4) in base 13?
3
What is 2 (base 8) in base 15?
2
Convert 5 (base 12) to base 15.
5
Convert 1001110 (base 2) to base 12.
66
What is -3 (base 7) in base 14?
-3
-5 (base 16) to base 13
-5
-3 (base 4) to base 12
-3
What is 0 (base 5) in base 4?
0
-2a (base 12) to base 5
-114
2211 (base 3) to base 10
76
Convert 13 (base 5) to base 12.
8
What is 20011 (base 3) in base 6?
434
-241 (base 9) to base 3
-21101
What is 4 (base 15) in base 13?
4
Convert 5 (base 8) to base 16.
5
What is 1000 (base 4) in base 10?
64
Convert 111 (base 2) to base 3.
21
5 (base 8) to base 14
5
2 (base 9) to base 7
2
1 (base 7) to base 12
1
Convert 0 (base 5) to base 2.
0
Convert 310 (base 6) to base 10.
114
-1230 (base 4) to base 9
-130
Convert -13 (base 7) to b